{"id":701,"date":"2013-06-04T21:04:11","date_gmt":"2013-06-04T21:04:11","guid":{"rendered":"http:\/\/www.mareaonline.it\/?page_id=701"},"modified":"2014-07-29T17:05:18","modified_gmt":"2014-07-29T17:05:18","slug":"22013-politica-sostantivo-femminile","status":"publish","type":"page","link":"http:\/\/www.mareaonline.it\/?page_id=701","title":{"rendered":"2\/2013 Politica, sostantivo femminile"},"content":{"rendered":"<h2><a href=\"http:\/\/www.mareaonline.it\/wp-content\/uploads\/2013\/06\/fronte-cop-marea-2-2013-ok-web2.jpg\"><img loading=\"lazy\" decoding=\"async\" class=\"alignleft size-medium wp-image-683\" title=\"fronte-cop-marea-2-2013-ok-web\" src=\"http:\/\/www.mareaonline.it\/wp-content\/uploads\/2013\/06\/fronte-cop-marea-2-2013-ok-web2-213x300.jpg\" alt=\"\" width=\"213\" height=\"300\" srcset=\"http:\/\/www.mareaonline.it\/wp-content\/uploads\/2013\/06\/fronte-cop-marea-2-2013-ok-web2-213x300.jpg 213w, http:\/\/www.mareaonline.it\/wp-content\/uploads\/2013\/06\/fronte-cop-marea-2-2013-ok-web2-727x1024.jpg 727w, http:\/\/www.mareaonline.it\/wp-content\/uploads\/2013\/06\/fronte-cop-marea-2-2013-ok-web2.jpg 1006w\" sizes=\"auto, (max-width: 213px) 100vw, 213px\" \/><\/a>Editoriale<\/h2>\n<p>Con l\u2019imperare della <em>antipolitica<\/em> come sinonimo del rifiuto rabbioso non tanto dei partiti, ma della politica stessa come luogo dove si elaborano insieme le priorit\u00e0, i bisogni e i desideri delle donne e degli uomini che abitano e danno corpo alla cittadinanza, l\u2019emergenza \u00e8 quella di ritrovare senso alla politica. Per questo il tema centrale di questo numero \u00e8 <em>politica<\/em>, e l\u2019incontro annuale di <em>Officine dei saperi femministi<\/em> ad Altradimora (dal 6 all\u20198 settembre) lo abbiamo intitolato <span style=\"text-decoration: underline;\">Politica, sostantivo femminile<\/span>.<\/p>\n<p>C\u2019\u00e8 infatti bisogno di tornare a fare e a dire della politica come politica delle donne.<\/p>\n<p>Trovare ponti verso le donne, anche pi\u00f9 giovani ma non solo, che oggi sono dentro alla politica (nei movimenti come nelle istituzioni) ma che non hanno la percezione dell\u2019importanza della differenza di genere, e sono formidabili portatrici d\u2019acqua nel mare della neutralit\u00e0.<\/p>\n<p>Ponti per arginare l\u2019ennesima cancellazione non solo delle donne come corpi, ma come intelligenze e visioni lontane e antitetiche a quelle del patriarcato.<\/p>\n<p>Ponti, iniziative e pratiche che formino, anche, le e i giovani alle priorit\u00e0 della politica: non solo, giustamente, diminuzioni di stipendio al parlamento, ma anche rinarrazione sistematica della storia dei diritti e delle analisi dei femminismi.<\/p>\n<p>N\u00e9 estranee, n\u00e9 cooptate, n\u00e9 indifferenti, n\u00e9 escluse dalla politica.<\/p>\n<p>&nbsp;<\/p>\n","protected":false},"excerpt":{"rendered":"<p>Editoriale Con l\u2019imperare della antipolitica come sinonimo del rifiuto rabbioso non tanto dei partiti, ma della politica stessa come luogo dove si elaborano insieme le priorit\u00e0, i bisogni&hellip;<\/p>\n","protected":false},"author":1,"featured_media":0,"parent":638,"menu_order":0,"comment_status":"closed","ping_status":"open","template":"","meta":{"footnotes":""},"class_list":["post-701","page","type-page","status-publish","hentry"],"_links":{"self":[{"href":"http:\/\/www.mareaonline.it\/index.php?rest_route=\/wp\/v2\/pages\/701","targetHints":{"allow":["GET"]}}],"collection":[{"href":"http:\/\/www.mareaonline.it\/index.php?rest_route=\/wp\/v2\/pages"}],"about":[{"href":"http:\/\/www.mareaonline.it\/index.php?rest_route=\/wp\/v2\/types\/page"}],"author":[{"embeddable":true,"href":"http:\/\/www.mareaonline.it\/index.php?rest_route=\/wp\/v2\/users\/1"}],"replies":[{"embeddable":true,"href":"http:\/\/www.mareaonline.it\/index.php?rest_route=%2Fwp%2Fv2%2Fcomments&post=701"}],"version-history":[{"count":3,"href":"http:\/\/www.mareaonline.it\/index.php?rest_route=\/wp\/v2\/pages\/701\/revisions"}],"predecessor-version":[{"id":861,"href":"http:\/\/www.mareaonline.it\/index.php?rest_route=\/wp\/v2\/pages\/701\/revisions\/861"}],"up":[{"embeddable":true,"href":"http:\/\/www.mareaonline.it\/index.php?rest_route=\/wp\/v2\/pages\/638"}],"wp:attachment":[{"href":"http:\/\/www.mareaonline.it\/index.php?rest_route=%2Fwp%2Fv2%2Fmedia&parent=701"}],"curies":[{"name":"wp","href":"https:\/\/api.w.org\/{rel}","templated":true}]}}

<h2><a href="http://www.mareaonline.it/wp-content/uploads/2013/06/fronte-cop-marea-2-2013-ok-web2.jpg"><img loading="lazy" decoding="async" class="alignleft size-medium wp-image-683" title="fronte-cop-marea-2-2013-ok-web" src="http://www.mareaonline.it/wp-content/uploads/2013/06/fronte-cop-marea-2-2013-ok-web2-213x300.jpg" alt="" width="213" height="300" srcset="http://www.mareaonline.it/wp-content/uploads/2013/06/fronte-cop-marea-2-2013-ok-web2-213x300.jpg 213w, http://www.mareaonline.it/wp-content/uploads/2013/06/fronte-cop-marea-2-2013-ok-web2-727x1024.jpg 727w, http://www.mareaonline.it/wp-content/uploads/2013/06/fronte-cop-marea-2-2013-ok-web2.jpg 1006w" sizes="auto, (max-width: 213px) 100vw, 213px" /></a>Editoriale</h2>
<p>Con l’imperare della <em>antipolitica</em> come sinonimo del rifiuto rabbioso non tanto dei partiti, ma della politica stessa come luogo dove si elaborano insieme le priorità, i bisogni e i desideri delle donne e degli uomini che abitano e danno corpo alla cittadinanza, l’emergenza è quella di ritrovare senso alla politica. Per questo il tema centrale di questo numero è <em>politica</em>, e l’incontro annuale di <em>Officine dei saperi femministi</em> ad Altradimora (dal 6 all’8 settembre) lo abbiamo intitolato <span style="text-decoration: underline;">Politica, sostantivo femminile</span>.</p>
<p>C’è infatti bisogno di tornare a fare e a dire della politica come politica delle donne.</p>
<p>Trovare ponti verso le donne, anche più giovani ma non solo, che oggi sono dentro alla politica (nei movimenti come nelle istituzioni) ma che non hanno la percezione dell’importanza della differenza di genere, e sono formidabili portatrici d’acqua nel mare della neutralità.</p>
<p>Ponti per arginare l’ennesima cancellazione non solo delle donne come corpi, ma come intelligenze e visioni lontane e antitetiche a quelle del patriarcato.</p>
<p>Ponti, iniziative e pratiche che formino, anche, le e i giovani alle priorità della politica: non solo, giustamente, diminuzioni di stipendio al parlamento, ma anche rinarrazione sistematica della storia dei diritti e delle analisi dei femminismi.</p>
<p>Né estranee, né cooptate, né indifferenti, né escluse dalla politica.</p>
<p>&nbsp;</p>

<p>Editoriale Con l’imperare della antipolitica come sinonimo del rifiuto rabbioso non tanto dei partiti, ma della politica stessa come luogo dove si elaborano insieme le priorità, i bisogni&hellip;</p>
