{"id":14,"date":"2012-09-23T11:05:41","date_gmt":"2012-09-23T11:05:41","guid":{"rendered":"http:\/\/www.mareaonline.it\/?page_id=14"},"modified":"2026-08-18T00:06:42","modified_gmt":"2026-08-17T23:06:42","slug":"i-video-e-cd-audio-di-marea","status":"publish","type":"page","link":"http:\/\/www.mareaonline.it\/?page_id=14","title":{"rendered":"I video e i cd audio di  MAREA"},"content":{"rendered":"<p style=\"text-align: center;\">\u00a0<strong>Per prenotazioni dei materiali di questa sezione \u00a0scrivete l\u2019indirizzo postale\u00a0e il numero delle copie desiderate a:\u00a0monica.lanfranco@gmail.com<\/strong><\/p>\n<p><a href=\"http:\/\/www.mareaonline.it\/wp-content\/uploads\/2012\/09\/label-web.jpg\"><img loading=\"lazy\" decoding=\"async\" class=\"alignleft  wp-image-45\" title=\"label-web\" src=\"http:\/\/www.mareaonline.it\/wp-content\/uploads\/2012\/09\/label-web-300x300.jpg\" alt=\"\" width=\"240\" height=\"240\" srcset=\"http:\/\/www.mareaonline.it\/wp-content\/uploads\/2012\/09\/label-web-300x300.jpg 300w, http:\/\/www.mareaonline.it\/wp-content\/uploads\/2012\/09\/label-web-150x150.jpg 150w, http:\/\/www.mareaonline.it\/wp-content\/uploads\/2012\/09\/label-web.jpg 797w\" sizes=\"auto, (max-width: 240px) 100vw, 240px\" \/><\/a><strong>Punto G 2011- Genere Genova Globalizzazione<\/strong><\/p>\n<p><strong>I VIDEO<\/strong><\/p>\n<p>Le immagini, le interviste, le registrazioni dei due giorni di plenarie e performance dell\u2019evento organizzato dalla rivista MAREA a Genova il 25 e 26 giugno 2011<\/p>\n<p><strong>Due dvd<\/strong> che raccolgono oltre 6 ore di materiali audio e video (con in pi\u00f9 documenti cartacei) sull\u2019evento Punto G 2011- Genere Genova Globalizzazione, organizzato dalla rivista Marea a 10 anni dal primo incontro del 2001.<\/p>\n<p>Nei 2 dvd \u00e8 raccolta la documentazione delle due giornate di dibattito, il 25 e il 26 giugno 2011, che hanno offerto a Genova l\u2019apertura del decennale del G8 con il meglio dell\u2019elaborazione femminista italiana e internazionale sull\u2019impatto della globalizzazione nella vita delle donne.<\/p>\n<p>Lavoro, precariet\u00e0, fondamentalismi religiosi, mercificazione del corpo, ambiente: di questo e di molto altro si \u00e8 parlato a Punto G, e chi non ha potuto partecipare trover\u00e0 nei dvd la possibilit\u00e0 di ascoltare alcuni dei passaggi pi\u00f9 significativi dell\u2019evento.<\/p>\n<p><strong>I due dvd saranno disponibili per chi ne far\u00e0 richiesta al prezzo di 20 euro, pi\u00f9 spese postali;\u00a0ordinandone oltre 5 copie si avr\u00e0 uno sconto di 5 euro.<\/strong><\/p>\n<p><strong>Una anteprima dei dvd \u00e8 disponibile\u00a0<\/strong><strong><a href=\"http:\/\/youtu.be\/HaOFVTqjUNc\">a questo link\u00a0 \u00a0<\/a> \u00a0 \u00a0 \u00a0 \u00a0 \u00a0 \u00a0 \u00a0 \u00a0 \u00a0 \u00a0 \u00a0 \u00a0 \u00a0 \u00a0 \u00a0 \u00a0 \u00a0<\/strong><\/p>\n<p><strong><a href=\"http:\/\/puntoggenova2011.wordpress.com\/\">Qui lo storico dell&#8217;evento nel 2001<\/a><\/strong><\/p>\n<p>&nbsp;<\/p>\n<p>&nbsp;<\/p>\n<p><strong><a href=\"http:\/\/www.mareaonline.it\/wp-content\/uploads\/2012\/09\/cd-viaggiatrici-III-2003.jpg\"><img loading=\"lazy\" decoding=\"async\" class=\"alignleft size-medium wp-image-55\" title=\"cd viaggiatrici III 2003\" src=\"http:\/\/www.mareaonline.it\/wp-content\/uploads\/2012\/09\/cd-viaggiatrici-III-2003-213x300.jpg\" alt=\"\" width=\"213\" height=\"300\" srcset=\"http:\/\/www.mareaonline.it\/wp-content\/uploads\/2012\/09\/cd-viaggiatrici-III-2003-213x300.jpg 213w, http:\/\/www.mareaonline.it\/wp-content\/uploads\/2012\/09\/cd-viaggiatrici-III-2003.jpg 450w\" sizes=\"auto, (max-width: 213px) 100vw, 213px\" \/><\/a>Viaggiatrici della parola \u00a0&#8211;\u00a0sentimenti, passioni e quotidiano in 10 autrici italiane del \u2018900<\/strong><\/p>\n<p><strong>CD AUDIO con volume di bio-bibliografie<\/strong><\/p>\n<p>&nbsp;<\/p>\n<p>Quello che proponiamo \u00e8 un inedito percorso multimediale, con interviste e brani tratti dalle opere di dieci tra le pi\u00f9 grandi autrici italiane del \u2018900 che hanno segnato il \u2018Secolo delle donne\u2019: Dacia Maraini, Elena Gianini Belotti, Maria Rosa Cutrufelli, Clara Sereni, Elsa Morante, Grazia Deledda, Natalia Ginzburg, Lalla Romano, Sibilla Aleramo.<\/p>\n<p>Il cd ha una parte rom con testi leggibili sul computer, comprendenti biografie e bibliografie delle autrici e sentieri di lettura: gli stessi costituiscono la rivista cartacea di cui il cd \u00e8 supporto integrativo.<\/p>\n<p>Potrete ascoltare le parole delle scrittrici viventi su loro stesse, sul senso peculiare della loro opere, mentre per le testimonianze sulle autrici scomparse ci siamo affidate a lettrici d\u2019eccezione, donne impegnate a vario titolo nel mondo della cultura, della politica e del sociale: Lidia Campagnano, Elettra Deiana, Simona Mafai, Lidia Menapace, Beatrice Monroy, Tiziana Plebani, Marina Piperno, Sandra Verda.<\/p>\n<p>Questo cd \u00e8 destinato certamente ad un uso individuale, ma crediamo che soprattutto oggi, nella scuola e l\u00e0 dove si fa cultura, sia importante veicolare un prodotto come questo che sollecita ad andare oltre l\u2019ascolto e avvia alla lettura e all\u2019approfondimento.<\/p>\n<p>A differenza della monodimensionalit\u00e0 dell\u2019immagine, che cattura e ipnotizza, l\u2019ascolto ci permette di interagire, di svolgere altre mansioni quotidiane, accetta di restare in secondo piano pur addentrandosi nella mente, muovendo emozioni inaspettate. Per chi conosce queste autrici sar\u00e0 sorprendente ascoltarne le voci, cos\u00ec come inaspettato il percorso proposto dalle lettrici che commentano le opere delle scrittrici scomparse. L\u2019ascolto \u00e8 un lusso che dobbiamo ritrovare, ci auguriamo di fornire un\u2019occasione per rimetterlo al centro.<\/p>\n<p><strong>\u00a0<\/strong><\/p>\n<p><strong><a href=\"http:\/\/www.mareaonline.it\/wp-content\/uploads\/2012\/09\/III2008.jpg\"><img loading=\"lazy\" decoding=\"async\" class=\"alignleft size-medium wp-image-57\" title=\"III2008\" src=\"http:\/\/www.mareaonline.it\/wp-content\/uploads\/2012\/09\/III2008-300x300.jpg\" alt=\"\" width=\"300\" height=\"300\" srcset=\"http:\/\/www.mareaonline.it\/wp-content\/uploads\/2012\/09\/III2008-300x300.jpg 300w, http:\/\/www.mareaonline.it\/wp-content\/uploads\/2012\/09\/III2008-150x150.jpg 150w, http:\/\/www.mareaonline.it\/wp-content\/uploads\/2012\/09\/III2008.jpg 450w\" sizes=\"auto, (max-width: 300px) 100vw, 300px\" \/><\/a>Ritratto di Signora: Maestre della libert\u00e0 delle donne<\/strong><\/p>\n<p><strong>6 grandi donne raccontate da voci femministe<\/strong><\/p>\n<p><strong>CD AUDIO con volume di bio-bibliografie<\/strong><\/p>\n<p>&nbsp;<\/p>\n<p>&nbsp;<\/p>\n<p>Si tratta di un percorso audio sulla vita e le le esperienze politiche di sei grandi pensatrici e attiviste del &#8216;900:Emmeline Pankhurst, Bertha Von Suttner, Anna Maria Mozzoni, Rosa Luxemburg, Anna Kuliscioff, Eleonora de Fonseca Pimentel.<\/p>\n<p>Queste protagoniste sono descritte da Tiziana Plebani, Lidia Menapace, Rosangela Pesenti, Monica Lanfranco, Barbara Romagnoli, Maria G.Di Rienzo, studiose del femminismo che ne tratteggiano caratteri, storie, opere.<br \/>\nIl cd rom contiene anche una sezione di immagini e testi stampabili con le biografie delle protagoniste e delle voci narranti.<\/p>\n<p>&nbsp;<\/p>\n","protected":false},"excerpt":{"rendered":"<p>\u00a0Per prenotazioni dei materiali di questa sezione \u00a0scrivete l\u2019indirizzo postale\u00a0e il numero delle copie desiderate a:\u00a0monica.lanfranco@gmail.com Punto G 2011- Genere Genova Globalizzazione I VIDEO Le immagini, le interviste,&hellip;<\/p>\n","protected":false},"author":1,"featured_media":0,"parent":0,"menu_order":0,"comment_status":"closed","ping_status":"closed","template":"","meta":{"footnotes":""},"class_list":["post-14","page","type-page","status-publish","hentry"],"_links":{"self":[{"href":"http:\/\/www.mareaonline.it\/index.php?rest_route=\/wp\/v2\/pages\/14","targetHints":{"allow":["GET"]}}],"collection":[{"href":"http:\/\/www.mareaonline.it\/index.php?rest_route=\/wp\/v2\/pages"}],"about":[{"href":"http:\/\/www.mareaonline.it\/index.php?rest_route=\/wp\/v2\/types\/page"}],"author":[{"embeddable":true,"href":"http:\/\/www.mareaonline.it\/index.php?rest_route=\/wp\/v2\/users\/1"}],"replies":[{"embeddable":true,"href":"http:\/\/www.mareaonline.it\/index.php?rest_route=%2Fwp%2Fv2%2Fcomments&post=14"}],"version-history":[{"count":16,"href":"http:\/\/www.mareaonline.it\/index.php?rest_route=\/wp\/v2\/pages\/14\/revisions"}],"predecessor-version":[{"id":2658,"href":"http:\/\/www.mareaonline.it\/index.php?rest_route=\/wp\/v2\/pages\/14\/revisions\/2658"}],"wp:attachment":[{"href":"http:\/\/www.mareaonline.it\/index.php?rest_route=%2Fwp%2Fv2%2Fmedia&parent=14"}],"curies":[{"name":"wp","href":"https:\/\/api.w.org\/{rel}","templated":true}]}}

<p style="text-align: center;"> <strong>Per prenotazioni dei materiali di questa sezione  scrivete l’indirizzo postale e il numero delle copie desiderate a: monica.lanfranco@gmail.com</strong></p>
<p><a href="http://www.mareaonline.it/wp-content/uploads/2012/09/label-web.jpg"><img loading="lazy" decoding="async" class="alignleft  wp-image-45" title="label-web" src="http://www.mareaonline.it/wp-content/uploads/2012/09/label-web-300x300.jpg" alt="" width="240" height="240" srcset="http://www.mareaonline.it/wp-content/uploads/2012/09/label-web-300x300.jpg 300w, http://www.mareaonline.it/wp-content/uploads/2012/09/label-web-150x150.jpg 150w, http://www.mareaonline.it/wp-content/uploads/2012/09/label-web.jpg 797w" sizes="auto, (max-width: 240px) 100vw, 240px" /></a><strong>Punto G 2011- Genere Genova Globalizzazione</strong></p>
<p><strong>I VIDEO</strong></p>
<p>Le immagini, le interviste, le registrazioni dei due giorni di plenarie e performance dell’evento organizzato dalla rivista MAREA a Genova il 25 e 26 giugno 2011</p>
<p><strong>Due dvd</strong> che raccolgono oltre 6 ore di materiali audio e video (con in più documenti cartacei) sull’evento Punto G 2011- Genere Genova Globalizzazione, organizzato dalla rivista Marea a 10 anni dal primo incontro del 2001.</p>
<p>Nei 2 dvd è raccolta la documentazione delle due giornate di dibattito, il 25 e il 26 giugno 2011, che hanno offerto a Genova l’apertura del decennale del G8 con il meglio dell’elaborazione femminista italiana e internazionale sull’impatto della globalizzazione nella vita delle donne.</p>
<p>Lavoro, precarietà, fondamentalismi religiosi, mercificazione del corpo, ambiente: di questo e di molto altro si è parlato a Punto G, e chi non ha potuto partecipare troverà nei dvd la possibilità di ascoltare alcuni dei passaggi più significativi dell’evento.</p>
<p><strong>I due dvd saranno disponibili per chi ne farà richiesta al prezzo di 20 euro, più spese postali; ordinandone oltre 5 copie si avrà uno sconto di 5 euro.</strong></p>
<p><strong>Una anteprima dei dvd è disponibile </strong><strong><a href="http://youtu.be/HaOFVTqjUNc">a questo link   </a>                                  </strong></p>
<p><strong><a href="http://puntoggenova2011.wordpress.com/">Qui lo storico dell&#8217;evento nel 2001</a></strong></p>
<p>&nbsp;</p>
<p>&nbsp;</p>
<p><strong><a href="http://www.mareaonline.it/wp-content/uploads/2012/09/cd-viaggiatrici-III-2003.jpg"><img loading="lazy" decoding="async" class="alignleft size-medium wp-image-55" title="cd viaggiatrici III 2003" src="http://www.mareaonline.it/wp-content/uploads/2012/09/cd-viaggiatrici-III-2003-213x300.jpg" alt="" width="213" height="300" srcset="http://www.mareaonline.it/wp-content/uploads/2012/09/cd-viaggiatrici-III-2003-213x300.jpg 213w, http://www.mareaonline.it/wp-content/uploads/2012/09/cd-viaggiatrici-III-2003.jpg 450w" sizes="auto, (max-width: 213px) 100vw, 213px" /></a>Viaggiatrici della parola  &#8211; sentimenti, passioni e quotidiano in 10 autrici italiane del ‘900</strong></p>
<p><strong>CD AUDIO con volume di bio-bibliografie</strong></p>
<p>&nbsp;</p>
<p>Quello che proponiamo è un inedito percorso multimediale, con interviste e brani tratti dalle opere di dieci tra le più grandi autrici italiane del ‘900 che hanno segnato il ‘Secolo delle donne’: Dacia Maraini, Elena Gianini Belotti, Maria Rosa Cutrufelli, Clara Sereni, Elsa Morante, Grazia Deledda, Natalia Ginzburg, Lalla Romano, Sibilla Aleramo.</p>
<p>Il cd ha una parte rom con testi leggibili sul computer, comprendenti biografie e bibliografie delle autrici e sentieri di lettura: gli stessi costituiscono la rivista cartacea di cui il cd è supporto integrativo.</p>
<p>Potrete ascoltare le parole delle scrittrici viventi su loro stesse, sul senso peculiare della loro opere, mentre per le testimonianze sulle autrici scomparse ci siamo affidate a lettrici d’eccezione, donne impegnate a vario titolo nel mondo della cultura, della politica e del sociale: Lidia Campagnano, Elettra Deiana, Simona Mafai, Lidia Menapace, Beatrice Monroy, Tiziana Plebani, Marina Piperno, Sandra Verda.</p>
<p>Questo cd è destinato certamente ad un uso individuale, ma crediamo che soprattutto oggi, nella scuola e là dove si fa cultura, sia importante veicolare un prodotto come questo che sollecita ad andare oltre l’ascolto e avvia alla lettura e all’approfondimento.</p>
<p>A differenza della monodimensionalità dell’immagine, che cattura e ipnotizza, l’ascolto ci permette di interagire, di svolgere altre mansioni quotidiane, accetta di restare in secondo piano pur addentrandosi nella mente, muovendo emozioni inaspettate. Per chi conosce queste autrici sarà sorprendente ascoltarne le voci, così come inaspettato il percorso proposto dalle lettrici che commentano le opere delle scrittrici scomparse. L’ascolto è un lusso che dobbiamo ritrovare, ci auguriamo di fornire un’occasione per rimetterlo al centro.</p>
<p><strong> </strong></p>
<p><strong><a href="http://www.mareaonline.it/wp-content/uploads/2012/09/III2008.jpg"><img loading="lazy" decoding="async" class="alignleft size-medium wp-image-57" title="III2008" src="http://www.mareaonline.it/wp-content/uploads/2012/09/III2008-300x300.jpg" alt="" width="300" height="300" srcset="http://www.mareaonline.it/wp-content/uploads/2012/09/III2008-300x300.jpg 300w, http://www.mareaonline.it/wp-content/uploads/2012/09/III2008-150x150.jpg 150w, http://www.mareaonline.it/wp-content/uploads/2012/09/III2008.jpg 450w" sizes="auto, (max-width: 300px) 100vw, 300px" /></a>Ritratto di Signora: Maestre della libertà delle donne</strong></p>
<p><strong>6 grandi donne raccontate da voci femministe</strong></p>
<p><strong>CD AUDIO con volume di bio-bibliografie</strong></p>
<p>&nbsp;</p>
<p>&nbsp;</p>
<p>Si tratta di un percorso audio sulla vita e le le esperienze politiche di sei grandi pensatrici e attiviste del &#8216;900:Emmeline Pankhurst, Bertha Von Suttner, Anna Maria Mozzoni, Rosa Luxemburg, Anna Kuliscioff, Eleonora de Fonseca Pimentel.</p>
<p>Queste protagoniste sono descritte da Tiziana Plebani, Lidia Menapace, Rosangela Pesenti, Monica Lanfranco, Barbara Romagnoli, Maria G.Di Rienzo, studiose del femminismo che ne tratteggiano caratteri, storie, opere.<br />
Il cd rom contiene anche una sezione di immagini e testi stampabili con le biografie delle protagoniste e delle voci narranti.</p>
<p>&nbsp;</p>
